{"id":1452,"date":"2017-08-22T13:27:58","date_gmt":"2017-08-22T11:27:58","guid":{"rendered":"http:\/\/proyectoiberico.pl\/praktyki-dla-obcokrajowcow-w-warszawie-i-krakowie\/praktyki-krakow\/"},"modified":"2021-10-19T18:30:43","modified_gmt":"2021-10-19T16:30:43","slug":"practicas-en-cracovia","status":"publish","type":"page","link":"https:\/\/proyectoiberico.pl\/es\/practicas-para-extranjeros-en-cracovia-y-varsovia\/practicas-en-cracovia\/","title":{"rendered":"Pr\u00e1cticas en Cracovia"},"content":{"rendered":"<section class=\"l-section wpb_row practice-main height_large with_img\"><div class=\"l-section-img\" role=\"img\" aria-label=\"Image\" data-img-width=\"1400\" data-img-height=\"360\" style=\"background-image: url(https:\/\/proyectoiberico.pl\/wp-content\/uploads\/2017\/08\/praktyki-krakow-naglowek.jpg);background-repeat: no-repeat;\"><\/div><div class=\"l-section-overlay\" style=\"background:rgba(0,0,0,0.14)\"><\/div><div class=\"l-section-h i-cf\"><div class=\"g-cols vc_row via_flex valign_top type_default stacking_default\"><div class=\"vc_col-sm-12 wpb_column vc_column_container has_text_color\"><div class=\"vc_column-inner us_custom_6df4bc3a\"><div class=\"wpb_wrapper\"><div class=\"wpb_text_column text-center city-h1\"><div class=\"wpb_wrapper\"><h1>Pr\u00e1cticas en Cracovia<\/h1>\n<\/div><\/div><\/div><\/div><\/div><\/div><\/div><\/section><section class=\"l-section wpb_row us_custom_69ad910b city-pad index-city height_auto width_full with_img\"><div class=\"l-section-img\" role=\"img\" aria-label=\"Image\" data-img-width=\"250\" data-img-height=\"578\" style=\"background-image: url(https:\/\/proyectoiberico.pl\/wp-content\/uploads\/2017\/08\/herb-krakow.png);background-position: center right;background-repeat: no-repeat;background-size: auto;\"><\/div><div class=\"l-section-h i-cf\"><div class=\"g-cols vc_row via_flex valign_middle type_default stacking_default\"><div class=\"vc_col-sm-8 wpb_column vc_column_container padding-l-calc has_bg_color\"><div class=\"vc_column-inner us_custom_4fb9e5a3\"><div class=\"wpb_wrapper\"><div class=\"wpb_text_column\"><div class=\"wpb_wrapper\"><h2>Cracovia<br \/>\n<span class=\"miasto-mniejsze\">&#8211; pr\u00e1cticas en la ciudad m\u00e1s bonita de Polonia<\/span><\/h2>\n<p>Proyecto Ib\u00e9rico os invita a realizar pr\u00e1cticas profesionales en Cracovia: una ciudad antigua y m\u00e1gica que tiene que ofrecer mucho m\u00e1s que s\u00f3lo sus muchos monumentos reconocidos a nivel mundial.<\/p>\n<p>Cracovia es una ciudad que no hace falta presentar a nadie. Es definitivamente el destino tur\u00edstico m\u00e1s popular para los turistas extranjeros que vienen a Polonia. Cracovia es una ciudad antigua con una historia muy interesante cuyas marcas se notan a cada paso en los monumentos impresionantes situados por toda la ciudad. Es tambi\u00e9n un lugar fant\u00e1stico para los aficionados a la buena cocina con multitud de bares y locales interesantes y tem\u00e1ticos. Siendo uno de los centros universitarios m\u00e1s importantes de Polonia, Cracovia atrae cada a\u00f1o a miles de personas j\u00f3venes que vienen aqu\u00ed para estudiar y trabajar.<\/p>\n<p>Cracovia es la antigua capital de Polonia y para muchos polacos sigue siendo el punto m\u00e1s importantes en el mapa de nuestro pa\u00eds. Como una de las ciudades m\u00e1s importantes de Polonia es un centro importante econ\u00f3mico, cient\u00edfico y cultural, por esta raz\u00f3n goza tambi\u00e9n de un mercado laboral en desarrollo din\u00e1mico. Todo esto define a Cracovia como el lugar ideal para las pr\u00e1cticas profesionales.<\/p>\n<\/div><\/div><\/div><\/div><\/div><div class=\"vc_col-sm-4 wpb_column vc_column_container padding-r-calc\"><div class=\"vc_column-inner us_custom_3fb4e952\"><div class=\"wpb_wrapper\"><div class=\"wpb_text_column\"><div class=\"wpb_wrapper\"><p><strong>Ubicaci\u00f3n:<\/strong><br \/>\nen el sur de Polonia,<br \/>\nes la capital de la Regi\u00f3n de Polonia Menor (Ma\u0142opolska)<\/p>\n<p><strong>Poblaci\u00f3n:<\/strong><br \/>\n760 mil<\/p>\n<p><strong>Superficie:<\/strong><br \/>\n327 km2<\/p>\n<p><strong>Informaci\u00f3n adicional:<\/strong><br \/>\n100 km a Zakopane y las monta\u00f1as Tatra,<br \/>\naprox. a 300 km de Varsovia<br \/>\n(2 h 20 min en tren)<\/p>\n<\/div><\/div><\/div><\/div><\/div><\/div><\/div><\/section><section class=\"l-section wpb_row cta-main height_large with_img\"><div class=\"l-section-img\" role=\"img\" aria-label=\"Image\" data-img-width=\"1400\" data-img-height=\"350\" style=\"background-image: url(https:\/\/proyectoiberico.pl\/wp-content\/uploads\/2017\/08\/praktyki-cta-wwa.jpg);background-repeat: no-repeat;\"><\/div><div class=\"l-section-h i-cf\"><div class=\"g-cols vc_row via_flex valign_middle type_default stacking_default\"><div class=\"vc_col-sm-8 wpb_column vc_column_container has_text_color\"><div class=\"vc_column-inner us_custom_6df4bc3a\"><div class=\"wpb_wrapper\"><div class=\"wpb_text_column text-center pacifico-duze\"><div class=\"wpb_wrapper\"><p>M\u00e1s informaci\u00f3n sobre las pr\u00e1cticas en Varsovia!<\/p>\n<\/div><\/div><\/div><\/div><\/div><div class=\"vc_col-sm-4 wpb_column vc_column_container\"><div class=\"vc_column-inner\"><div class=\"wpb_wrapper\"><div class=\"w-btn-wrapper align_none\"><a class=\"w-btn us-btn-style_4 us_custom_f73f4019\" href=\"https:\/\/proyectoiberico.pl\/es\/practicas-para-extranjeros-en-cracovia-y-varsovia\/practicas-en-varsovia\/\"><span class=\"w-btn-label\">M\u00c1S INFORMACI\u00d3N<\/span><\/a><\/div><\/div><\/div><\/div><\/div><\/div><\/section>\n","protected":false},"excerpt":{"rendered":"Pr\u00e1cticas en Cracovia Cracovia &#8211; pr\u00e1cticas en la ciudad m\u00e1s bonita de Polonia Proyecto Ib\u00e9rico os invita a realizar pr\u00e1cticas profesionales en Cracovia: una ciudad antigua y m\u00e1gica que tiene que ofrecer mucho m\u00e1s que s\u00f3lo sus muchos monumentos reconocidos a nivel mundial. Cracovia es una ciudad que no hace falta presentar a nadie. Es...","protected":false},"author":1,"featured_media":0,"parent":1401,"menu_order":0,"comment_status":"closed","ping_status":"closed","template":"","meta":{"footnotes":""},"class_list":["post-1452","page","type-page","status-publish","hentry"],"_links":{"self":[{"href":"https:\/\/proyectoiberico.pl\/es\/wp-json\/wp\/v2\/pages\/1452","targetHints":{"allow":["GET"]}}],"collection":[{"href":"https:\/\/proyectoiberico.pl\/es\/wp-json\/wp\/v2\/pages"}],"about":[{"href":"https:\/\/proyectoiberico.pl\/es\/wp-json\/wp\/v2\/types\/page"}],"author":[{"embeddable":true,"href":"https:\/\/proyectoiberico.pl\/es\/wp-json\/wp\/v2\/users\/1"}],"replies":[{"embeddable":true,"href":"https:\/\/proyectoiberico.pl\/es\/wp-json\/wp\/v2\/comments?post=1452"}],"version-history":[{"count":0,"href":"https:\/\/proyectoiberico.pl\/es\/wp-json\/wp\/v2\/pages\/1452\/revisions"}],"up":[{"embeddable":true,"href":"https:\/\/proyectoiberico.pl\/es\/wp-json\/wp\/v2\/pages\/1401"}],"wp:attachment":[{"href":"https:\/\/proyectoiberico.pl\/es\/wp-json\/wp\/v2\/media?parent=1452"}],"curies":[{"name":"wp","href":"https:\/\/api.w.org\/{rel}","templated":true}]}}

Prácticas en Cracovia

<section class="l-section wpb_row practice-main height_large with_img"><div class="l-section-img" role="img" aria-label="Image" data-img-width="1400" data-img-height="360" style="background-image: url(https://proyectoiberico.pl/wp-content/uploads/2017/08/praktyki-krakow-naglowek.jpg);background-repeat: no-repeat;"></div><div class="l-section-overlay" style="background:rgba(0,0,0,0.14)"></div><div class="l-section-h i-cf"><div class="g-cols vc_row via_flex valign_top type_default stacking_default"><div class="vc_col-sm-12 wpb_column vc_column_container has_text_color"><div class="vc_column-inner us_custom_6df4bc3a"><div class="wpb_wrapper"><div class="wpb_text_column text-center city-h1"><div class="wpb_wrapper"><h1>Prácticas en Cracovia</h1>
</div></div></div></div></div></div></div></section><section class="l-section wpb_row us_custom_69ad910b city-pad index-city height_auto width_full with_img"><div class="l-section-img" role="img" aria-label="Image" data-img-width="250" data-img-height="578" style="background-image: url(https://proyectoiberico.pl/wp-content/uploads/2017/08/herb-krakow.png);background-position: center right;background-repeat: no-repeat;background-size: auto;"></div><div class="l-section-h i-cf"><div class="g-cols vc_row via_flex valign_middle type_default stacking_default"><div class="vc_col-sm-8 wpb_column vc_column_container padding-l-calc has_bg_color"><div class="vc_column-inner us_custom_4fb9e5a3"><div class="wpb_wrapper"><div class="wpb_text_column"><div class="wpb_wrapper"><h2>Cracovia<br />
<span class="miasto-mniejsze">&#8211; prácticas en la ciudad más bonita de Polonia</span></h2>
<p>Proyecto Ibérico os invita a realizar prácticas profesionales en Cracovia: una ciudad antigua y mágica que tiene que ofrecer mucho más que sólo sus muchos monumentos reconocidos a nivel mundial.</p>
<p>Cracovia es una ciudad que no hace falta presentar a nadie. Es definitivamente el destino turístico más popular para los turistas extranjeros que vienen a Polonia. Cracovia es una ciudad antigua con una historia muy interesante cuyas marcas se notan a cada paso en los monumentos impresionantes situados por toda la ciudad. Es también un lugar fantástico para los aficionados a la buena cocina con multitud de bares y locales interesantes y temáticos. Siendo uno de los centros universitarios más importantes de Polonia, Cracovia atrae cada año a miles de personas jóvenes que vienen aquí para estudiar y trabajar.</p>
<p>Cracovia es la antigua capital de Polonia y para muchos polacos sigue siendo el punto más importantes en el mapa de nuestro país. Como una de las ciudades más importantes de Polonia es un centro importante económico, científico y cultural, por esta razón goza también de un mercado laboral en desarrollo dinámico. Todo esto define a Cracovia como el lugar ideal para las prácticas profesionales.</p>
</div></div></div></div></div><div class="vc_col-sm-4 wpb_column vc_column_container padding-r-calc"><div class="vc_column-inner us_custom_3fb4e952"><div class="wpb_wrapper"><div class="wpb_text_column"><div class="wpb_wrapper"><p><strong>Ubicación:</strong><br />
en el sur de Polonia,<br />
es la capital de la Región de Polonia Menor (Małopolska)</p>
<p><strong>Población:</strong><br />
760 mil</p>
<p><strong>Superficie:</strong><br />
327 km2</p>
<p><strong>Información adicional:</strong><br />
100 km a Zakopane y las montañas Tatra,<br />
aprox. a 300 km de Varsovia<br />
(2 h 20 min en tren)</p>
</div></div></div></div></div></div></div></section><section class="l-section wpb_row cta-main height_large with_img"><div class="l-section-img" role="img" aria-label="Image" data-img-width="1400" data-img-height="350" style="background-image: url(https://proyectoiberico.pl/wp-content/uploads/2017/08/praktyki-cta-wwa.jpg);background-repeat: no-repeat;"></div><div class="l-section-h i-cf"><div class="g-cols vc_row via_flex valign_middle type_default stacking_default"><div class="vc_col-sm-8 wpb_column vc_column_container has_text_color"><div class="vc_column-inner us_custom_6df4bc3a"><div class="wpb_wrapper"><div class="wpb_text_column text-center pacifico-duze"><div class="wpb_wrapper"><p>Más información sobre las prácticas en Varsovia!</p>
</div></div></div></div></div><div class="vc_col-sm-4 wpb_column vc_column_container"><div class="vc_column-inner"><div class="wpb_wrapper"><div class="w-btn-wrapper align_none"><a class="w-btn us-btn-style_4 us_custom_f73f4019" href="https://proyectoiberico.pl/es/practicas-para-extranjeros-en-cracovia-y-varsovia/practicas-en-varsovia/"><span class="w-btn-label">MÁS INFORMACIÓN</span></a></div></div></div></div></div></div></section>

Prácticas en Cracovia Cracovia &#8211; prácticas en la ciudad más bonita de Polonia Proyecto Ibérico os invita a realizar prácticas profesionales en Cracovia: una ciudad antigua y mágica que tiene que ofrecer mucho más que sólo sus muchos monumentos reconocidos a nivel mundial. Cracovia es una ciudad que no hace falta presentar a nadie. Es...
